9 + 5. Let c = 52 - 51. Let a = c - g. Let f(p) = -p. Give f(a).
-5
Let c(l) = -l - 1. Let w(p) = -p**2 + 16*p + 3. Let h(f) = 2*f**2 - 32*f - 5. Let z(r) = 6*h(r) + 11*w(r). Let o be z(16). Determine c(o).
-4
Let l be (8 + 2)*1 - (9 + -4). Let c(o) be the third derivative of 1/3*o**4 + 1/30*o**l + 8*o**2 + 0 + 1/2*o**3 + 0*o. Give c(-5).
13
Let u(k) = 5*k - 5. Suppose 0 = -13*a + 72 - 20. Determine u(a).
15
Let l(w) be the first derivative of 1/2*w**2 - 10 + w. Suppose 0 = -2*k + 17 - 5. Calculate l(k).
7
Suppose -2*v + 2 = 2*m, m - 10*v = -6*v + 11. Suppose -13*l + 10*l + m = 0. Let g(u) = -3*u**3 + u**2 - 1. Calculate g(l).
-3
Let z be (18/(-15))/((-8)/30)*2. Suppose z - 27 = -6*b. Let g(o) = -3*o + 2. Determine g(b).
-7
Let m(h) = -3*h**2 - h**2 - h - 43 + 44 + 3*h**2. Let x(s) = -s**3 + 11*s**2 - 3*s - 13. Let a(b) = 3*m(b) + x(b). Calculate a(7).
-3
Let y(k) = k - 12. Let l be 8/10 + -9 + 688/40. Determine y(l).
-3
Let t be (-16)/40 - 192/(-30). Let k(q) = q**3 - 5*q**2 - 7*q + 16. Calculate k(t).
10
Suppose -2*f = -5*w + 19, -4*f + 24 = -f + 3*w. Let t(p) = 5*p - 11. Let d be t(f). Let s(m) = m**2. Give s(d).
16
Let q be 48/14*119/34. Let m be (-5)/((-1 - -3)*6/q). Let z(w) be the third derivative of -w**5/60 - w**4/4 + 2*w**3/3 + w**2. Calculate z(m).
9
Let n(g) be the first derivative of g**4/4 - 5*g**3/3 - 4*g**2 - g + 47. What is n(6)?
-13
Suppose -s = s - 14. Let r(o) be the second derivative of 0*o**3 + 0 + 7/2*o**2 + 9*o - 7/12*o**4 + 1/20*o**5. What is r(s)?
7
Let u(r) be the first derivative of -r**5/120 - 3*r**4/8 - 2*r**3/3 + 14. Let g(k) be the third derivative of u(k). Calculate g(-5).
-4
Let g(c) = -12*c**3 + c. Suppose -4*v - 2*z - 6 = -4*z, 2*v + z = -1. Give g(v).
11
Let a(q) = q**2 + 10*q + 28. Let s be a(-5). Let o(h) = -7*h**2 + 11 + 8*h - s*h**2 + 10*h**2 - h**2. Determine o(9).
2
Let x = 5 + -16. Let r = x + 15. Let g(o) = o**2 - 6*o + 5. Let y be g(r). Let v(c) = c**2 + 3*c - 1. What is v(y)?
-1
Let y(s) be the third derivative of s**4/24 - 7*s**3/6 - 3*s**2. Let t = -11 + 19. Determine y(t).
1
Let t(i) = 6*i - 34. Let h(j) = 17*j - 98. Let q(b) = -2*h(b) + 7*t(b). Determine q(6).
6
Let g(z) = z**2 - 6*z - 9. Let h(x) = x**2 - 5*x - 8. Let k(n) = -3*g(n) + 4*h(n). Give k(0).
-5
Let g(t) be the third derivative of -t**6/120 - t**5/60 - t**4/24 - t**3/6 - t**2. Let b = -4 + -14. Let c = b + 18. Calculate g(c).
-1
Let s(n) be the first derivative of -6*n**4 + n**3/3 + 3*n**2/2 + 2*n - 19. Determine s(-1).
24
Suppose 4*d - 9 = -69. Let a be (-2)/d - 642/90. Let k(h) = h**2 + 7*h - 6. Calculate k(a).
-6
Let p(y) = -11*y**2 - 21*y - 19. Let c(b) = 7*b + 9 + 3*b + 0*b + 5*b**2. Let o(v) = v + 1. Let t be o(-5). Let j(x) = t*p(x) - 9*c(x). Calculate j(-6).
-5
Let o be (-18)/8 - (-2)/8. Let t(a) = 5*a - 1. Let x(p) = -p + 15. Let u be x(17). Let s(q) = q. Let i(m) = u*t(m) + 6*s(m). Give i(o).
10
Let v(k) be the second derivative of -k**5/15 + k**4/12 + k**3/6 - 29*k**2/2 + 24*k. Let l(x) be the first derivative of v(x). Give l(-1).
-5
Let m(y) = y**3 - 10*y**2 + 10*y - 2. Let o be m(9). Suppose u = -5*s + o, -5*u + 0*u + 35 = 2*s. Let k(c) = -4 - 10 + 0*c + c + 5. What is k(u)?
-2
Let g(s) = 13*s + 28. Let t be g(19). Let l(j) = -545*j - 3 + 275*j + t*j. Give l(5).
22
Let y = -10 - -12. Suppose -y*p = p + 3. Let j(k) = -k**2 + 3*k**2 + 5*k - 3*k - k - 5*k**3. Determine j(p).
6
Let i be 1 - (255/5 + -1). Let o = 55 + i. Let a(y) = -y**3 + 5*y**2 + 6*y - 9. What is a(o)?
-9
Let k(a) = -a - 5. Let q = 13 + 1. Suppose -2*x - 2*l = q, l - 18 = 5*x - x. What is k(x)?
0
Suppose -6*o + 5*o + 2 = 0. Suppose -3 = o*d - 11. Let j(x) = -x**3 + 2*x**2 + 4*x - 5. Determine j(d).
-21
Suppose 0 = -2*z - 48 + 4. Let d be (-83)/5 + 12/20. Let h = z - d. Let j(b) = -b**2 - 7*b - 8. What is j(h)?
-2
Let z(y) = -y + 8. Let b(f) = f - 10. Let x(v) = 5*b(v) + 6*z(v). Determine x(6).
-8
Let u(z) = -4*z**3 - 5*z**2 - 10*z + 19. Let v(r) = -r**3 - 2*r**2 - 3*r + 6. Let m(q) = 2*u(q) - 7*v(q). Suppose -16 = c - 5*c. Determine m(c).
0
Let h be 26/(-4)*-1*(-2 - 0). Let d = -16 - h. Let g(a) = -a**3 - 3*a**2 + 2. Determine g(d).
2
Let n(u) = -u**3 - 2*u**2 + 3*u + 5. Let v be n(-3). Suppose -m - 10 = -3*m, -3*x - v*m = -19. Let p(s) = -s**2 - 2*s - 2. What is p(x)?
-2
Let p(k) = -3 + 0 + 0 - k. Suppose -2*r - 6 = 2*m, 5*r + m - 2*m - 3 = 0. Suppose r*a - 9 = -3*a. Give p(a).
-6
Let z(t) = -t**3 + 5*t - 2*t - 3 + 4*t**2 + 3*t. Let f be z(5). Let i(l) = -5*l - l**2 + 5 + 1 - f. Give i(-6).
-2
Let p(l) = -l**3 - 4*l**2 + 8*l - 6. Let h(k) = -4*k + 2. Let z be h(2). Let o be p(z). Let r(q) = 1 - o*q**2 - 2*q**3 + 16*q**2 - 2*q + q**3. Give r(-2).
5
Let z(o) = -53*o**3 - 1. Let s = -2896 - -2897. Determine z(s).
-54
Let c(q) = -6*q**2 - 4*q + 11*q**2 - q**3 + 42 - 40. Determine c(4).
2
Let l(u) be the second derivative of u**5/60 - u**4/12 - 4*u**2 - 8*u. Let r(j) be the first derivative of l(j). What is r(3)?
3
Let m(s) = 10*s**2 - 1. Let g = 71 + -72. Calculate m(g).
9
Let f(m) = -40*m + 4 + 7*m**2 - 5 - 41*m - 3*m**3 + 79*m. Let d(j) = -7*j**3 + 13*j**2 - 5*j - 2. Let l(c) = -2*d(c) + 5*f(c). Give l(9).
-1
Let l(s) be the first derivative of s**5/120 + s**4/8 + 2*s**3/3 - 4. Let c(g) be the third derivative of l(g). Suppose 14*q = 5*q - 36. What is c(q)?
-1
Let x(h) = -3*h. Let j(f) = -f**3 - f**2 + f + 2. Let g be j(-2). Suppose -w + s = 3, 5*w + 2*s = 3*w - 22. Let l = g + w. What is x(l)?
9
Let s = -14532 - -14525. Let q(y) = -4 + 2*y**3 - y**3 - 5*y**2 + 12*y**2. What is q(s)?
-4
Let k(z) = -2*z**2 - 4*z. Suppose 8 = -5*j - 2. Let n(h) = 14*h + 3. Let c(r) = 5*r + 1. Let y(s) = 17*c(s) - 6*n(s). Let i be y(j). Determine k(i).
-6
Suppose 2*m + 5 = p, 0 = -21*m + 19*m - 2*p + 4. Let i(y) be the third derivative of 0 - y**2 + 0*y**3 + 0*y**4 - 1/12*y**5 + 0*y. What is i(m)?
-5
Let g(x) = -3*x**2 + 0*x**2 - 76 + 89 + x**2 + x. Calculate g(0).
13
Suppose w - 2*l = -10, -6*w = -2*w - 3*l + 20. Let r be w*((-5)/(-2) - 2). Let y(u) = 4*u**2 + 2*u + 1. What is y(r)?
3
Let z be ((-2)/(-6))/(-5*1/(-90)). Suppose -l + 1 = -0*l. Suppose -l = -z*a + 17. Let s(i) = i - 1. What is s(a)?
2
Let y be 3 + -1 + (15 - 1 - 3). Let s(n) = -25 + 14 + y + 6 + n. Calculate s(-7).
1
Let s(q) = -2*q + 1. Suppose 268 = n + 266. What is s(n)?
-3
Let s(g) = 5*g**2 + g + 3. Suppose -5*u + 1 = -19. Let v(k) be the second derivative of -k**4/12 + k**3/6 - 56*k. Let p(m) = u*v(m) + s(m). Give p(-2).
-3
Let u(s) = -s**2 + 3*s - 1. Suppose 67 = 4*p - 109. Suppose -p*i - 16 = -48*i. Give u(i).
-5
Let o(q) = q**3 - q**2 + 16. Let d(n) = -4*n + 2. Let s(r) = 2*r. Let z be s(-3). Let j be d(z). Let k = j + -26. What is o(k)?
16
Let z = 354 + -347. Let t(a) = a + 3. Determine t(z).
10
Let j(p) be the first derivative of p**2/2 - 7*p + 4. What is j(0)?
-7
Let t(c) = c**3 + 7*c**2 + 7*c + 3. Let i(w) be the first derivative of 3*w**2/2 - 30. Let r be i(-2). Give t(r).
-3
Let m(x) = x + 15. Let y = 484 + -503. What is m(y)?
-4
Suppose 30 = 2*q - 10. Suppose r - q + 17 = 0. Let v(o) = -o**2 + o - 1. Give v(r).
-7
Let b(a) = 2*a**2 - 38*a + 27. Let s(w) = -w**2 + 18*w - 13. Let x(z) = -3*b(z) - 7*s(z). Determine x(7).
-25
Let k(b) be the first derivative of 8*b**3/3 - b - 28. Suppose -12 = -2*j - 4. Let w(h) = -h**3 + 4*h**2 + h - 3. Let v be w(j). Give k(v).
7
Let j be 0/(-1)*(-7)/14. Let u be 1 - (j - (-15)/(-5)). Let f(c) = -1 + u*c + 2 - 6*c. Give f(1).
-1
Let m(d) = -d**3 + d**2 + 2*d - 7. Let r be m(3). Let s = r - -13. Let q(h) = 5*h + 5. Let i(c) = -14*c - 16. Let o(l) = -3*i(l) - 8*q(l). Calculate o(s).
-4
Let l = 184 + -186. Let j(c) = -2*c**2 - 2*c - 3. Let w = -2 + 5. Let k(t) = -3*t**2 - 2*t - 2. Let i(s) = w*k(s) - 2*j(s). Give i(l).
-16
Let h(l) = -l + 1. Let p(w) = 21*w**3 + 4*w - 3. Let o(a) = 4*h(a) + p(a). Give o(1).
22
Let y(h) be the third derivative of h**5/60 - 13*h**4/24 + 14*h**3/3 - 242*h**2. Calculate y(7).
-14
Let v(x) be the third derivative of -7*x**5/60 - x**4/24 - x**3/6 - 7*x**2 + 16. Give v(-1).
-7
Let a(y) = y - 25. Let o(s) = 1. Let g(f) = -a(f) - 6*o(f). Let x be g(15). Let i(q) be the third derivative of -q**4/24 - q**3/6 + q**2. Calculate i(x).
-5
Let g(l) = 2*l - 3. Let k be (0 + (-9)/(-2))*(-60)/(-90). What is g(k)?
3
Suppose 0 = 2*o + q - 5*q - 10, -